osite number?
True
Is 2197847 composite?
False
Is 2239621 prime?
False
Is 68368501 composite?
True
Is 210679717 prime?
False
Is 78764809 a prime number?
False
Is 738011 prime?
True
Is 1407997 prime?
True
Is 48311371 composite?
True
Is 64047817 a prime number?
True
Is 36501791 a prime number?
True
Is 1362967 a prime number?
True
Is 4130459 prime?
True
Is 45969641 prime?
True
Is 5686892441 a composite number?
False
Is 53613943 a composite number?
True
Is 670164151 prime?
False
Is 356947 a composite number?
False
Is 1883338 prime?
False
Is 3733879 prime?
True
Is 384159 prime?
False
Is 13094597 a prime number?
False
Is 1367993 a composite number?
True
Is 37612691 a composite number?
False
Is 74843 composite?
False
Is 111211219 prime?
False
Is 1044053 prime?
True
Is 12786997 composite?
False
Is 124888573 a composite number?
True
Is 1034743 a prime number?
False
Is 168095751 prime?
False
Is 12736151 prime?
True
Is 4674347 composite?
False
Is 8083409 prime?
True
Is 27979933 a composite number?
False
Is 549159733 a composite number?
False
Is 8303569 composite?
True
Is 2027626 a prime number?
False
Is 11453723 prime?
False
Is 6453367 composite?
False
Is 271246835 prime?
False
Is 69539 a prime number?
True
Is 957349 composite?
False
Is 255843793 prime?
True
Is 32133371 composite?
False
Is 8195987 a prime number?
False
Is 333187 composite?
False
Is 12060946 prime?
False
Is 3507719 a prime number?
True
Is 276397423 composite?
True
Is 19565683 prime?
False
Is 1764949 prime?
True
Is 159438247 a composite number?
False
Is 6233195 a prime number?
False
Is 217906093 prime?
False
Is 24169447 composite?
False
Is 51627283 composite?
True
Is 1536719 a composite number?
False
Is 103465015 composite?
True
Is 3184477 a prime number?
False
Is 3448217 a composite number?
True
Is 82639171 composite?
True
Is 2013859 prime?
True
Is 9226093 prime?
True
Is 4590299 composite?
True
Is 3451613 composite?
True
Is 134780827 a prime number?
True
Is 316477939 prime?
False
Is 161631199 prime?
False
Is 228451547 a composite number?
True
Is 847033 composite?
True
Is 917957563 a composite number?
False
Is 30067999 prime?
False
Is 10426799 a composite number?
True
Is 54457373 prime?
False
Is 18437501 a prime number?
True
Is 2090147 a prime number?
True
Is 88261703 prime?
False
Is 7382861 prime?
False
Is 7718223 a prime number?
False
Is 10879573 a prime number?
True
Is 1641217 prime?
True
Is 2465707 a composite number?
False
Is 8946715 prime?
False
Is 28304869 composite?
False
Is 3702439 a prime number?
False
Is 68183429 a composite number?
False
Is 3117011 a prime number?
True
Is 16060361 a composite number?
False
Is 33160937 a prime number?
True
Is 4348519 composite?
True
Is 611207 a composite number?
False
Is 47525411 a prime number?
False
Is 289339 prime?
False
Is 63166951 prime?
False
Is 18183511 a composite number?
True
Is 33392939 a composite number?
False
Is 5012993 composite?
False
Is 16075247 composite?
False
Is 13264183 prime?
True
Is 944283 a prime number?
False
Is 26858033 prime?
True
Is 485731109 prime?
True
Is 336417 prime?
False
Is 197092837 composite?
False
Is 290423285 composite?
True
Is 126374387 prime?
True
Is 48351131 a composite number?
False
Is 16769767 composite?
True
Is 7291561 composite?
True
Is 145187906 prime?
False
Is 92811757 a prime number?
True
Is 7413862 a prime number?
False
Is 78941 prime?
True
Is 239329081 a composite number?
False
Is 1379213 composite?
True
Is 1727951 composite?
False
Is 18980669 a composite number?
True
Is 50364541 composite?
True
Is 121109093 a composite number?
True
Is 178574971 composite?
False
Is 20243941 a prime number?
False
Is 19687693 a composite number?
False
Is 3746707 a composite number?
True
Is 867467 a prime number?
True
Is 14461093 composite?
False
Is 3659287 composite?
True
Is 542931013 a prime number?
True
Is 44450741 a composite number?
False
Is 48465169 a composite number?
True
Is 1522187 composite?
False
Is 50062723 composite?
False
Is 49312387 a prime number?
True
Is 4169909 a prime number?
True
Is 7393769 a prime number?
False
Is 1661747 composite?
True
Is 430203 composite?
True
Is 1186397 a composite number?
False
Is 69204917 prime?
True
Is 12579841 a prime number?
True
Is 676093 a prime number?
False
Is 625231 a composite number?
False
Is 4951031 a prime number?
False
Is 29029937 a prime number?
True
Is 148764401 prime?
False
Is 116027 a composite number?
False
Is 7415711 prime?
False
Is 226568011 prime?
True
Is 3780643 composite?
True
Is 6619849 a composite number?
False
Is 668663 a composite number?
True
Is 1754086263 a prime number?
False
Is 1913815 a prime number?
False
Is 620687339 prime?
False
Is 673098113 composite?
True
Is 8199707 a prime number?
False
Is 61045781 a composite number?
False
Is 2502233 a composite number?
True
Is 175596437 prime?
False
Is 2895589 prime?
True
Is 85777 a composite number?
True
Is 80532766 a composite number?
True
Is 193704789 a composite number?
True
Is 24432257 composite?
False
Is 24604751 composite?
True
Is 1777661 a composite number?
False
Is 38048017 prime?
False
Is 10298089 a composite number?
True
Is 25843607 composite?
False
Is 297672851 prime?
False
Is 20095655 a prime number?
False
Is 438248219 prime?
False
Is 24289691 a prime number?
True
Is 136977613 a prime number?
False
Is 3973121 prime?
False
Is 36581021 a composite number?
False
Is 970337 composite?
True
Is 142165927 composite?
True
Is 75811066 a prime number?
False
Is 1582117 composite?
False
Is 34336537 prime?
True
Is 3639154 a prime number?
False
Is 172371901 a composite number?
True
Is 1988741 prime?
False
Is 72021 prime?
False
Is 24961939 prime?
False
Is 45109639 prime?
True
Is 2451219 a prime number?
False
Is 185491 composite?
False
Is 16041223 a prime number?
False
Is 1396949 prime?
True
Is 7803178 a composite number?
True
Is 68339917 a composite number?
False
Is 20020907 prime?
False
Is 3887714 prime?
False
Is 110600579 a composite number?
False
Is 8588467 a composite number?
True
Is 59893583 composite?
False
Is 3913087 composite?
True
Is 922451 a composite number?
False
Is 55801867 prime?
False
Is 4202113 prime?
True
Is 996599 a composite number?
False
Is 1997969 a composite number?
False
Is 1440493 a prime number?
True
Is 306438521 composite?
False
Is 841793 composite?
False
Is 3321249 a prime number?
False
Is 691871 composite?
False
Is 40286983 prime?
False
Is 4995667 prime?
True
Is 28598149 prime?
True
Is 18629113 prime?
False
Is 6992549 composite?
False
Is 148506721 prime?
False
Is 4687511 composite?
True
Is 7713109 a composite number?
False
Is 117877853 a composite number?
False
Is 431017 prime?
True
Is 30198151 a prime number?
False
Is 903191 a composite number?
True
Is 86218199 a composite number?
False
Is 81757549 a prime number?
True
Is 7509157 prime?
True
Is 388521547 prime?
True
Is 3006347 a composite number?
False
Is 47757139 prime?
True
Is 44997841 a prime number?
False
Is 765168067 composite?
False
Is 353699 prime?
True
Is 12743777 a prime number?
True
Is 57933397 a prime number?
False
Is 478571 composite?
False
Is 3903331 a composite number?
False
Is 13037917 a prime number?
False
Is 37825331 a composite number?
False
Is 1900427 prime?
False
Is 3432503 composite?
False
Is 6879419 a composite number?
False
Is 59951 prime?
True
Is 34786119 a composite number?
True
Is 9553031 a prime number?
False
Is 9492157 prime?
True
Is 658783 a prime number?
True
Is 243175883 a composite number?
False
Is 72581507 a composite number?
True
Is 2754797 composite?
True
Is 7744939 prime?
True
Is 2009783 a composite number?
False
Is 354369577 prime?
True
Is 89216997 a prime number?
False
Is 377303941 a composite number?
True
Is 1147297 a composite number?
False
Is 83627053 composite?
True
Is 1840729 a composite number?
True
Is 34627094 a prime number?
False
Is 11519741 prime?
False
Is 19400987 composite?
True
Is 782819 composite?
True
Is 1543471 a composite number?
True
Is 97242449 composite?
False
Is 740736307 composite?
True
Is 1345973 prime?
True
Is 1280359 a composite number?
True
Is 3920347 composite?
True
Is 99834253 a composite number?
False
Is 361297049 prime?
True
Is 120641 composite?
False
Is 33210641 composite?
True
Is 33431977 a prime number?
False
Is 229237 a composite number?
False
Is 224